.
21
Calculate the greatest common divisor of 707 and 35.
7
Calculate the highest common factor of 5376 and 42.
42
What is the highest common divisor of 1150 and 150?
50
What is the highest common divisor of 142 and 6?
2
Calculate the greatest common factor of 405 and 6.
3
What is the greatest common factor of 1241 and 51?
17
Calculate the greatest common factor of 2277 and 207.
207
Calculate the highest common divisor of 3473 and 23.
23
What is the greatest common divisor of 228 and 36?
12
Calculate the highest common factor of 203 and 319.
29
What is the greatest common factor of 38 and 5548?
38
Calculate the greatest common divisor of 108 and 72.
36
What is the greatest common factor of 15092 and 44?
44
What is the highest common factor of 437 and 380?
19
What is the greatest common divisor of 84 and 276?
12
Calculate the greatest common factor of 24 and 42.
6
Calculate the greatest common divisor of 588 and 24.
12
Calculate the greatest common divisor of 27 and 783.
27
Calculate the highest common divisor of 105 and 1020.
15
What is the greatest common factor of 273 and 455?
91
Calculate the highest common divisor of 126 and 2478.
42
What is the highest common factor of 273 and 117?
39
Calculate the greatest common divisor of 449 and 85759.
449
Calculate the highest common divisor of 25 and 22.
1
Calculate the greatest common divisor of 153 and 51.
51
What is the greatest common factor of 20 and 50?
10
Calculate the highest common divisor of 10256 and 8.
8
Calculate the greatest common divisor of 33 and 2013.
33
What is the greatest common factor of 228 and 1292?
76
Calculate the highest common divisor of 222 and 22755.
111
Calculate the highest common factor of 8 and 11.
1
What is the highest common divisor of 5975 and 200?
25
What is the greatest common divisor of 495 and 45?
45
Calculate the greatest common factor of 300 and 12.
12
What is the highest common divisor of 184 and 16376?
184
What is the greatest common factor of 306 and 90?
18
Calculate the greatest common factor of 205 and 246.
41
What is the greatest common factor of 90 and 18990?
90
What is the greatest common factor of 3 and 191?
1
Calculate the greatest common divisor of 276 and 36.
12
Calculate the greatest common divisor of 60 and 2220.
60
What is the greatest common factor of 16 and 264?
8
Calculate the greatest common divisor of 12416 and 16.
16
Calculate the greatest common divisor of 5 and 11.
1
Calculate the highest common divisor of 273 and 156.
39
What is the highest common factor of 663 and 39?
39
What is the highest common factor of 1891 and 31?
31
Calculate the highest common divisor of 171 and 10089.
171
Calculate the highest common divisor of 18 and 1164.
6
Calculate the greatest common factor of 5735 and 185.
185
What is the highest common divisor of 121 and 22?
11
What is the highest common divisor of 22 and 3014?
22
What is the greatest common factor of 5196 and 12?
12
Calculate the highest common factor of 45 and 20.
5
Calculate the highest common divisor of 798 and 114.
114
Calculate the highest common factor of 903 and 258.
129
Calculate the highest common factor of 2870 and 630.
70
What is the highest common divisor of 1900 and 475?
475
What is the highest common factor of 7712 and 128?
32
What is the greatest common factor of 3424 and 963?
107
What is the greatest common divisor of 6165 and 45?
45
Calculate the highest common divisor of 650 and 26.
26
What is the highest common factor of 255 and 645?
15
What is the highest common divisor of 29 and 3045?
29
What is the highest common divisor of 78975 and 81?
81
What is the greatest common divisor of 4 and 5?
1
What is the greatest common divisor of 40 and 344?
8
Calculate the greatest common factor of 365 and 25.
5
What is the greatest common factor of 441 and 2709?
63
Calculate the highest common factor of 1780 and 100.
20
What is the highest common divisor of 184 and 296?
8
What is the greatest common factor of 72 and 774?
18
What is the highest common divisor of 16 and 64?
16
What is the highest common divisor of 4087 and 305?
61
What is the highest common divisor of 884 and 51?
17
What is the highest common divisor of 4264 and 416?
104
What is the highest common factor of 1062 and 236?
118
What is the greatest common factor of 21 and 444?
3
Calculate the highest common factor of 11 and 209.
11
What is the greatest common factor of 291 and 1552?
97
What is the highest common factor of 195 and 1053?
39
Calculate the highest common factor of 134 and 1474.
134
Calculate the greatest common factor of 72 and 216.
72
What is the greatest common factor of 14 and 49?
7
What is the highest common divisor of 60 and 2220?
60
Calculate the highest common factor of 42 and 210.
42
What is the highest common divisor of 100 and 340?
20
What is the greatest common divisor of 36 and 6?
6
What is the greatest common factor of 12 and 1362?
6
Calculate the greatest common factor of 4053 and 21.
21
Calculate the highest common factor of 1667 and 1.
1
Calculate the greatest common divisor of 26 and 117.
13
Calculate the greatest common divisor of 1156 and 17.
17
What is the highest common factor of 1360 and 320?
80
What is the highest common factor of 200 and 1040?
40
Calculate the greatest common factor of 15372 and 24.
12
What is the greatest common divisor of 8773 and 31?
31
Calculate the highest common divisor of 16 and 208.
16
What is the highest common factor of 112 and 266?
14
What is the greatest common factor of 4035 and 45?
15
What is the highest common divisor of 288 and 324?
36
Calculate the greatest common factor of 1421 and 294.
49
What is the greatest common factor of 515 and 40?
5
Calculate the greatest common factor of 2432 and 768.
128
What is the greatest common divisor of 4256 and 76?
76
What is the highest common divisor of 75 and 2040?
15
What is the greatest common factor of 867 and 3?
3
Calculate the greatest common divisor of 49 and 9.
1
What is the greatest common divisor of 54 and 24066?
18
What is the greatest common divisor of 45750 and 15?
15
What is the greatest common divisor of 875 and 105?
35
What is the greatest common divisor of 155 and 31?
31
What is the highest common factor of 96 and 224?
32
What is the greatest common factor of 22400 and 32?
32
What is the greatest common divisor of 1190 and 1428?
238
What is the highest common factor of 180 and 48?
12
What is the highest common factor of 544 and 34?
34
Calculate the highest common factor of 26 and 13.
13
Calculate the greatest common factor of 2444 and 52.
52
What is the greatest common factor of 320 and 610?
10
Calculate the highest common divisor of 9 and 481.
1
Calculate the greatest common divisor of 276 and 3726.
138
What is the highest common factor of 360 and 1940?
20
Calculate the greatest common divisor of 47841 and 37.
37
Calculate the highest common divisor of 125 and 2575.
25
What is the greatest common factor of 264 and 12?
12
Calculate the highest common divisor of 148 and 13246.
74
What is the greatest common factor of 78 and 156?
78
What is the highest common factor of 195 and 75?
15
Calculate the greatest common factor of 93 and 62.
31
Calculate the highest common factor of 3616 and 64.
32
Calculate the highest common factor of 558 and 108.
18
Calculate the greatest common factor of 78 and 12.
6
What is the highest common divisor of 1537 and 1166?
53
What is the greatest common divisor of 1179 and 81?
9
Calculate the highest common factor of 1335 and 10.
5
What is the highest common divisor of 11 and 1661?
11
Calculate the highest common factor of 5016 and 1848.
264
What is the greatest common factor of 10020 and 3?
3
What is the highest common divisor of 504 and 41076?
252
Calculate the greatest common factor of 108 and 288.
36
Calculate the greatest common factor of 3 and 96.
3
What is the greatest common factor of 1416 and 36?
12
Calculate the highest common divisor of 800 and 1100.
100
What is the greatest common factor of 198 and 1314?
18
Calculate the greatest common divisor of 1333 and 93.
31
What is the greatest common divisor of 6611 and 11?
11
Calculate the highest common factor of 5250 and 125.
125
What is the greatest common factor of 5782 and 14?
14
Calculate the greatest common divisor of 16 